{"id":83,"date":"2026-03-29T12:49:57","date_gmt":"2026-03-29T10:49:57","guid":{"rendered":"https:\/\/215.wordpressalk.pl\/?page_id=83"},"modified":"2026-04-26T12:17:13","modified_gmt":"2026-04-26T10:17:13","slug":"o-nas","status":"publish","type":"page","link":"https:\/\/215.wordpressalk.pl\/index.php\/o-nas\/","title":{"rendered":"O nas"},"content":{"rendered":"\t\t<div data-elementor-type=\"wp-page\" data-elementor-id=\"83\" class=\"elementor elementor-83\">\n\t\t\t\t<div class=\"elementor-element elementor-element-4f9c46a2 e-flex e-con-boxed e-con e-parent\" data-id=\"4f9c46a2\" data-element_type=\"container\" data-e-type=\"container\">\n\t\t\t\t\t<div class=\"e-con-inner\">\n\t\t\t\t<div class=\"elementor-element elementor-element-48a9f775 elementor-widget elementor-widget-text-editor\" data-id=\"48a9f775\" data-element_type=\"widget\" data-e-type=\"widget\" data-widget_type=\"text-editor.default\">\n\t\t\t\t\t\t\t\t\t<h2 class=\"wp-block-heading\">Poznaj SupleME<\/h2>\n<p><\/p>\n<p><!-- \/wp:heading --><!-- wp:paragraph --><\/p>\n<p>W SupleME wierzymy, \u017ce suplementacja to nie tylko dodatek do diety, ale \u015bwiadomy element stylu \u017cycia, kt\u00f3ry pozwala przesuwa\u0107 granice w\u0142asnych mo\u017cliwo\u015bci. Od <strong>8 lat<\/strong> towarzyszymy tysi\u0105com os\u00f3b w realizacji ich cel\u00f3w \u2013 od profesjonalnych sportowc\u00f3w, po entuzjast\u00f3w zdrowego od\u017cywiania, kt\u00f3rzy po prostu chc\u0105 czu\u0107 si\u0119 lepiej ka\u017cdego dnia.<\/p>\n<p><!-- \/wp:paragraph --><!-- wp:heading {\"level\":3} --><\/p>\n<h3 class=\"wp-block-heading\">Zesp\u00f3\u0142<\/h3>\n<p><!-- \/wp:heading --><!-- wp:paragraph --><\/p>\n<p>SupleME to nie jest anonimowa korporacja. To przede wszystkim ludzie, dla kt\u00f3rych zdrowie jest pasj\u0105 i zawodem. Nasz zesp\u00f3\u0142 tworz\u0105:<\/p>\n<p><!-- \/wp:paragraph --><!-- wp:list --><\/p>\n<ul class=\"wp-block-list\">\n<li style=\"list-style-type: none;\">\n<ul class=\"wp-block-list\"><!-- wp:list-item --><\/ul>\n<\/li>\n<\/ul>\n<ul class=\"wp-block-list\">\n<li style=\"list-style-type: none;\">\n<ul class=\"wp-block-list\">\n<li><strong>Do\u015bwiadczeni dietetycy<\/strong>, kt\u00f3rzy dbaj\u0105 o to, by sk\u0142ady naszych produkt\u00f3w by\u0142y optymalnie zbilansowane.<\/li><li><strong style=\"font-style: inherit;\">Trenerzy personalni<\/strong><span style=\"font-style: inherit; font-weight: inherit;\">, kt\u00f3rzy testuj\u0105 nasze rozwi\u0105zania w praktyce, weryfikuj\u0105c ich skuteczno\u015b\u0107 podczas najbardziej wymagaj\u0105cych trening\u00f3w.<\/span><\/li><li><strong style=\"font-style: inherit;\">Technolodzy \u017cywno\u015bci i biochemicy<\/strong><span style=\"font-style: inherit; font-weight: inherit;\">, czuwaj\u0105cy nad innowacyjno\u015bci\u0105 i czysto\u015bci\u0105 ka\u017cdej partii towaru.<\/span><\/li><\/ul><\/li><\/ul>\n<div><span style=\"font-family: -apple-system, BlinkMacSystemFont, Segoe UI, Roboto, Oxygen-Sans, Ubuntu, Cantarell, Helvetica Neue, sans-serif;\">&nbsp;<\/span><\/div>\n<p><!-- \/wp:list-item --><\/p>\n<p><!-- \/wp:list --><!-- wp:heading {\"level\":3} --><\/p>\n<h3 class=\"wp-block-heading\">Polska jako\u015b\u0107, lokalna duma<\/h3>\n<p><!-- \/wp:heading --><!-- wp:paragraph --><\/p>\n<p>Jeste\u015bmy dumni z tego, \u017ce <strong>SupleME to polska marka<\/strong>. Od samego pocz\u0105tku postawili\u015bmy na lokalno\u015b\u0107 \u2013 to tutaj, w Polsce, bije serce naszej firmy i tutaj znajduj\u0105 si\u0119 nasze linie produkcyjne. Dzi\u0119ki temu mamy pe\u0142n\u0105 kontrol\u0119 nad ka\u017cdym etapem powstawania suplementu: od pomys\u0142u, przez dob\u00f3r surowc\u00f3w, a\u017c po finalny produkt, kt\u00f3ry trafia w Twoje r\u0119ce.<\/p>\n<p><!-- \/wp:paragraph --><!-- wp:heading {\"level\":3} --><\/p>\n<h3 class=\"wp-block-heading\">Bezpiecze\u0144stwo bez kompromis\u00f3w<\/h3>\n<p><!-- \/wp:heading --><!-- wp:paragraph --><\/p>\n<p>Wiemy, \u017ce obdarzasz nas ogromnym zaufaniem, wybieraj\u0105c nasze produkty. Dlatego kwestia jako\u015bci jest dla nas nadrz\u0119dna. Wszystkie suplementy SupleME przechodz\u0105 <strong>rygorystyczne testy laboratoryjne<\/strong>. Badamy je pod k\u0105tem czysto\u015bci mikrobiologicznej oraz zawarto\u015bci sk\u0142adnik\u00f3w aktywnych, wsp\u00f3\u0142pracuj\u0105c z niezale\u017cnymi o\u015brodkami badawczymi.<\/p>\n<p><!-- \/wp:paragraph --><!-- wp:paragraph --><\/p>\n<p>Wybieraj\u0105c SupleME, wybierasz transparentno\u015b\u0107, polsk\u0105 jako\u015b\u0107 i wiedz\u0119 ekspert\u00f3w, kt\u00f3rzy sami korzystaj\u0105 z tego, co tworz\u0105. Razem zadbajmy o Twoje zdrowie i form\u0119.<\/p>\n<p><!-- \/wp:paragraph --><\/p>\t\t\t\t\t\t\t\t<\/div>\n\t\t\t\t\t<\/div>\n\t\t\t\t<\/div>\n\t\t<div class=\"elementor-element elementor-element-ec75d6a e-flex e-con-boxed e-con e-parent\" data-id=\"ec75d6a\" data-element_type=\"container\" data-e-type=\"container\">\n\t\t\t\t\t<div class=\"e-con-inner\">\n\t\t<div class=\"elementor-element elementor-element-1f04dbe e-con-full e-flex e-con e-child\" data-id=\"1f04dbe\" data-element_type=\"container\" data-e-type=\"container\">\n\t\t\t\t<div class=\"elementor-element elementor-element-82cc8af elementor-widget elementor-widget-image\" data-id=\"82cc8af\" data-element_type=\"widget\" data-e-type=\"widget\" data-widget_type=\"image.default\">\n\t\t\t\t\t\t\t\t\t\t\t\t\t\t\t<img fetchpriority=\"high\" decoding=\"async\" width=\"800\" height=\"520\" src=\"https:\/\/215.wordpressalk.pl\/wp-content\/uploads\/2026\/03\/generated_18157783411610938138-800x520-1.png\" class=\"attachment-large size-large wp-image-68\" alt=\"\" srcset=\"https:\/\/215.wordpressalk.pl\/wp-content\/uploads\/2026\/03\/generated_18157783411610938138-800x520-1.png 800w, https:\/\/215.wordpressalk.pl\/wp-content\/uploads\/2026\/03\/generated_18157783411610938138-800x520-1-600x390.png 600w, https:\/\/215.wordpressalk.pl\/wp-content\/uploads\/2026\/03\/generated_18157783411610938138-800x520-1-300x195.png 300w, https:\/\/215.wordpressalk.pl\/wp-content\/uploads\/2026\/03\/generated_18157783411610938138-800x520-1-768x499.png 768w\" sizes=\"(max-width: 800px) 100vw, 800px\" \/>\t\t\t\t\t\t\t\t\t\t\t\t\t\t\t<\/div>\n\t\t\t\t<\/div>\n\t\t<div class=\"elementor-element elementor-element-1faafa2 e-con-full e-flex e-con e-child\" data-id=\"1faafa2\" data-element_type=\"container\" data-e-type=\"container\">\n\t\t\t\t<div class=\"elementor-element elementor-element-588ebab elementor-widget elementor-widget-image\" data-id=\"588ebab\" data-element_type=\"widget\" data-e-type=\"widget\" data-widget_type=\"image.default\">\n\t\t\t\t\t\t\t\t\t\t\t\t\t\t\t<img decoding=\"async\" width=\"612\" height=\"408\" data-src=\"https:\/\/215.wordpressalk.pl\/wp-content\/uploads\/2026\/03\/istockphoto-1404369180-612x612-1.jpg\" class=\"attachment-large size-large wp-image-67 lazyload\" alt=\"\" data-srcset=\"https:\/\/215.wordpressalk.pl\/wp-content\/uploads\/2026\/03\/istockphoto-1404369180-612x612-1.jpg 612w, https:\/\/215.wordpressalk.pl\/wp-content\/uploads\/2026\/03\/istockphoto-1404369180-612x612-1-600x400.jpg 600w, https:\/\/215.wordpressalk.pl\/wp-content\/uploads\/2026\/03\/istockphoto-1404369180-612x612-1-300x200.jpg 300w\" data-sizes=\"(max-width: 612px) 100vw, 612px\" src=\"data:image\/svg+xml;base64,PHN2ZyB3aWR0aD0iMSIgaGVpZ2h0PSIxIiB4bWxucz0iaHR0cDovL3d3dy53My5vcmcvMjAwMC9zdmciPjwvc3ZnPg==\" style=\"--smush-placeholder-width: 612px; --smush-placeholder-aspect-ratio: 612\/408;\" \/>\t\t\t\t\t\t\t\t\t\t\t\t\t\t\t<\/div>\n\t\t\t\t<\/div>\n\t\t\t\t\t<\/div>\n\t\t\t\t<\/div>\n\t\t<div class=\"elementor-element elementor-element-bf59fa8 e-flex e-con-boxed e-con e-parent\" data-id=\"bf59fa8\" data-element_type=\"container\" data-e-type=\"container\">\n\t\t\t\t\t<div class=\"e-con-inner\">\n\t\t\t\t<div class=\"elementor-element elementor-element-29d60bb elementor-widget elementor-widget-counter\" data-id=\"29d60bb\" data-element_type=\"widget\" data-e-type=\"widget\" data-widget_type=\"counter.default\">\n\t\t\t\t\t\t\t<div class=\"elementor-counter\">\n\t\t\t<div class=\"elementor-counter-title\">KLIENCI, KT\u00d3RZY NAM ZUAFLI<\/div>\t\t\t<div class=\"elementor-counter-number-wrapper\">\n\t\t\t\t<span class=\"elementor-counter-number-prefix\"><\/span>\n\t\t\t\t<span class=\"elementor-counter-number\" data-duration=\"1000\" data-to-value=\"9832931\" data-from-value=\"0\" data-delimiter=\",\">0<\/span>\n\t\t\t\t<span class=\"elementor-counter-number-suffix\"><\/span>\n\t\t\t<\/div>\n\t\t<\/div>\n\t\t\t\t\t\t<\/div>\n\t\t\t\t\t<\/div>\n\t\t\t\t<\/div>\n\t\t\t\t<\/div>\n\t\t","protected":false},"excerpt":{"rendered":"<p>Poznaj SupleME W SupleME wierzymy, &#380;e suplementacja to nie tylko dodatek do diety, ale &#347;wiadomy element stylu &#380;ycia, kt&oacute;ry pozwala [&hellip;]<\/p>\n","protected":false},"author":1,"featured_media":0,"parent":0,"menu_order":0,"comment_status":"closed","ping_status":"closed","template":"","meta":{"site-sidebar-layout":"default","site-content-layout":"","ast-site-content-layout":"default","site-content-style":"default","site-sidebar-style":"default","ast-global-header-display":"","ast-banner-title-visibility":"","ast-main-header-display":"","ast-hfb-above-header-display":"","ast-hfb-below-header-display":"","ast-hfb-mobile-header-display":"","site-post-title":"","ast-breadcrumbs-content":"","ast-featured-img":"","footer-sml-layout":"","ast-disable-related-posts":"","theme-transparent-header-meta":"","adv-header-id-meta":"","stick-header-meta":"","header-above-stick-meta":"","header-main-stick-meta":"","header-below-stick-meta":"","astra-migrate-meta-layouts":"default","ast-page-background-enabled":"default","ast-page-background-meta":{"desktop":{"background-color":"var(--ast-global-color-5)","background-image":"","background-repeat":"repeat","background-position":"center center","background-size":"auto","background-attachment":"scroll","background-type":"","background-media":"","overlay-type":"","overlay-color":"","overlay-opacity":"","overlay-gradient":""},"tablet":{"background-color":"","background-image":"","background-repeat":"repeat","background-position":"center center","background-size":"auto","background-attachment":"scroll","background-type":"","background-media":"","overlay-type":"","overlay-color":"","overlay-opacity":"","overlay-gradient":""},"mobile":{"background-color":"","background-image":"","background-repeat":"repeat","background-position":"center center","background-size":"auto","background-attachment":"scroll","background-type":"","background-media":"","overlay-type":"","overlay-color":"","overlay-opacity":"","overlay-gradient":""}},"ast-content-background-meta":{"desktop":{"background-color":"var(--ast-global-color-4)","background-image":"","background-repeat":"repeat","background-position":"center center","background-size":"auto","background-attachment":"scroll","background-type":"","background-media":"","overlay-type":"","overlay-color":"","overlay-opacity":"","overlay-gradient":""},"tablet":{"background-color":"var(--ast-global-color-4)","background-image":"","background-repeat":"repeat","background-position":"center center","background-size":"auto","background-attachment":"scroll","background-type":"","background-media":"","overlay-type":"","overlay-color":"","overlay-opacity":"","overlay-gradient":""},"mobile":{"background-color":"var(--ast-global-color-4)","background-image":"","background-repeat":"repeat","background-position":"center center","background-size":"auto","background-attachment":"scroll","background-type":"","background-media":"","overlay-type":"","overlay-color":"","overlay-opacity":"","overlay-gradient":""}},"footnotes":""},"class_list":["post-83","page","type-page","status-publish","hentry"],"yoast_head":"<!-- This site is optimized with the Yoast SEO plugin v27.2 - https:\/\/yoast.com\/product\/yoast-seo-wordpress\/ -->\n<title>O nas - SupleME<\/title>\n<meta name=\"robots\" content=\"index, follow, max-snippet:-1, max-image-preview:large, max-video-preview:-1\" \/>\n<link rel=\"canonical\" href=\"https:\/\/215.wordpressalk.pl\/index.php\/o-nas\/\" \/>\n<meta property=\"og:locale\" content=\"pl_PL\" \/>\n<meta property=\"og:type\" content=\"article\" \/>\n<meta property=\"og:title\" content=\"O nas - SupleME\" \/>\n<meta property=\"og:description\" content=\"Poznaj SupleME W SupleME wierzymy, &#380;e suplementacja to nie tylko dodatek do diety, ale &#347;wiadomy element stylu &#380;ycia, kt&oacute;ry pozwala [&hellip;]\" \/>\n<meta property=\"og:url\" content=\"https:\/\/215.wordpressalk.pl\/index.php\/o-nas\/\" \/>\n<meta property=\"og:site_name\" content=\"SupleME\" \/>\n<meta property=\"article:modified_time\" content=\"2026-04-26T10:17:13+00:00\" \/>\n<meta property=\"og:image\" content=\"https:\/\/215.wordpressalk.pl\/wp-content\/uploads\/2026\/03\/generated_18157783411610938138-800x520-1.png\" \/>\n\t<meta property=\"og:image:width\" content=\"800\" \/>\n\t<meta property=\"og:image:height\" content=\"520\" \/>\n\t<meta property=\"og:image:type\" content=\"image\/png\" \/>\n<meta name=\"twitter:card\" content=\"summary_large_image\" \/>\n<meta name=\"twitter:label1\" content=\"Szacowany czas czytania\" \/>\n\t<meta name=\"twitter:data1\" content=\"2 minuty\" \/>\n<script type=\"application\/ld+json\" class=\"yoast-schema-graph\">{\"@context\":\"https:\/\/schema.org\",\"@graph\":[{\"@type\":\"WebPage\",\"@id\":\"https:\/\/215.wordpressalk.pl\/index.php\/o-nas\/\",\"url\":\"https:\/\/215.wordpressalk.pl\/index.php\/o-nas\/\",\"name\":\"O nas - SupleME\",\"isPartOf\":{\"@id\":\"https:\/\/215.wordpressalk.pl\/#website\"},\"primaryImageOfPage\":{\"@id\":\"https:\/\/215.wordpressalk.pl\/index.php\/o-nas\/#primaryimage\"},\"image\":{\"@id\":\"https:\/\/215.wordpressalk.pl\/index.php\/o-nas\/#primaryimage\"},\"thumbnailUrl\":\"http:\/\/215.wordpressalk.pl\/wp-content\/uploads\/2026\/03\/generated_18157783411610938138-800x520-1.png\",\"datePublished\":\"2026-03-29T10:49:57+00:00\",\"dateModified\":\"2026-04-26T10:17:13+00:00\",\"breadcrumb\":{\"@id\":\"https:\/\/215.wordpressalk.pl\/index.php\/o-nas\/#breadcrumb\"},\"inLanguage\":\"pl-PL\",\"potentialAction\":[{\"@type\":\"ReadAction\",\"target\":[\"https:\/\/215.wordpressalk.pl\/index.php\/o-nas\/\"]}]},{\"@type\":\"ImageObject\",\"inLanguage\":\"pl-PL\",\"@id\":\"https:\/\/215.wordpressalk.pl\/index.php\/o-nas\/#primaryimage\",\"url\":\"http:\/\/215.wordpressalk.pl\/wp-content\/uploads\/2026\/03\/generated_18157783411610938138-800x520-1.png\",\"contentUrl\":\"http:\/\/215.wordpressalk.pl\/wp-content\/uploads\/2026\/03\/generated_18157783411610938138-800x520-1.png\"},{\"@type\":\"BreadcrumbList\",\"@id\":\"https:\/\/215.wordpressalk.pl\/index.php\/o-nas\/#breadcrumb\",\"itemListElement\":[{\"@type\":\"ListItem\",\"position\":1,\"name\":\"Strona g\u0142\u00f3wna\",\"item\":\"https:\/\/215.wordpressalk.pl\/\"},{\"@type\":\"ListItem\",\"position\":2,\"name\":\"O nas\"}]},{\"@type\":\"WebSite\",\"@id\":\"https:\/\/215.wordpressalk.pl\/#website\",\"url\":\"https:\/\/215.wordpressalk.pl\/\",\"name\":\"SupleME\",\"description\":\"Twoje wsparcie w drodze po lepsz\u0105 form\u0119.\",\"publisher\":{\"@id\":\"https:\/\/215.wordpressalk.pl\/#organization\"},\"potentialAction\":[{\"@type\":\"SearchAction\",\"target\":{\"@type\":\"EntryPoint\",\"urlTemplate\":\"https:\/\/215.wordpressalk.pl\/?s={search_term_string}\"},\"query-input\":{\"@type\":\"PropertyValueSpecification\",\"valueRequired\":true,\"valueName\":\"search_term_string\"}}],\"inLanguage\":\"pl-PL\"},{\"@type\":\"Organization\",\"@id\":\"https:\/\/215.wordpressalk.pl\/#organization\",\"name\":\"SupleME\",\"url\":\"https:\/\/215.wordpressalk.pl\/\",\"logo\":{\"@type\":\"ImageObject\",\"inLanguage\":\"pl-PL\",\"@id\":\"https:\/\/215.wordpressalk.pl\/#\/schema\/logo\/image\/\",\"url\":\"https:\/\/215.wordpressalk.pl\/wp-content\/uploads\/2026\/02\/cropped-dumbbell-icon-images-vector-34189976-1.avif\",\"contentUrl\":\"https:\/\/215.wordpressalk.pl\/wp-content\/uploads\/2026\/02\/cropped-dumbbell-icon-images-vector-34189976-1.avif\",\"width\":500,\"height\":340,\"caption\":\"SupleME\"},\"image\":{\"@id\":\"https:\/\/215.wordpressalk.pl\/#\/schema\/logo\/image\/\"}}]}<\/script>\n<!-- \/ Yoast SEO plugin. -->","yoast_head_json":{"title":"O nas - SupleME","robots":{"index":"index","follow":"follow","max-snippet":"max-snippet:-1","max-image-preview":"max-image-preview:large","max-video-preview":"max-video-preview:-1"},"canonical":"https:\/\/215.wordpressalk.pl\/index.php\/o-nas\/","og_locale":"pl_PL","og_type":"article","og_title":"O nas - SupleME","og_description":"Poznaj SupleME W SupleME wierzymy, &#380;e suplementacja to nie tylko dodatek do diety, ale &#347;wiadomy element stylu &#380;ycia, kt&oacute;ry pozwala [&hellip;]","og_url":"https:\/\/215.wordpressalk.pl\/index.php\/o-nas\/","og_site_name":"SupleME","article_modified_time":"2026-04-26T10:17:13+00:00","og_image":[{"width":800,"height":520,"url":"https:\/\/215.wordpressalk.pl\/wp-content\/uploads\/2026\/03\/generated_18157783411610938138-800x520-1.png","type":"image\/png"}],"twitter_card":"summary_large_image","twitter_misc":{"Szacowany czas czytania":"2 minuty"},"schema":{"@context":"https:\/\/schema.org","@graph":[{"@type":"WebPage","@id":"https:\/\/215.wordpressalk.pl\/index.php\/o-nas\/","url":"https:\/\/215.wordpressalk.pl\/index.php\/o-nas\/","name":"O nas - SupleME","isPartOf":{"@id":"https:\/\/215.wordpressalk.pl\/#website"},"primaryImageOfPage":{"@id":"https:\/\/215.wordpressalk.pl\/index.php\/o-nas\/#primaryimage"},"image":{"@id":"https:\/\/215.wordpressalk.pl\/index.php\/o-nas\/#primaryimage"},"thumbnailUrl":"http:\/\/215.wordpressalk.pl\/wp-content\/uploads\/2026\/03\/generated_18157783411610938138-800x520-1.png","datePublished":"2026-03-29T10:49:57+00:00","dateModified":"2026-04-26T10:17:13+00:00","breadcrumb":{"@id":"https:\/\/215.wordpressalk.pl\/index.php\/o-nas\/#breadcrumb"},"inLanguage":"pl-PL","potentialAction":[{"@type":"ReadAction","target":["https:\/\/215.wordpressalk.pl\/index.php\/o-nas\/"]}]},{"@type":"ImageObject","inLanguage":"pl-PL","@id":"https:\/\/215.wordpressalk.pl\/index.php\/o-nas\/#primaryimage","url":"http:\/\/215.wordpressalk.pl\/wp-content\/uploads\/2026\/03\/generated_18157783411610938138-800x520-1.png","contentUrl":"http:\/\/215.wordpressalk.pl\/wp-content\/uploads\/2026\/03\/generated_18157783411610938138-800x520-1.png"},{"@type":"BreadcrumbList","@id":"https:\/\/215.wordpressalk.pl\/index.php\/o-nas\/#breadcrumb","itemListElement":[{"@type":"ListItem","position":1,"name":"Strona g\u0142\u00f3wna","item":"https:\/\/215.wordpressalk.pl\/"},{"@type":"ListItem","position":2,"name":"O nas"}]},{"@type":"WebSite","@id":"https:\/\/215.wordpressalk.pl\/#website","url":"https:\/\/215.wordpressalk.pl\/","name":"SupleME","description":"Twoje wsparcie w drodze po lepsz\u0105 form\u0119.","publisher":{"@id":"https:\/\/215.wordpressalk.pl\/#organization"},"potentialAction":[{"@type":"SearchAction","target":{"@type":"EntryPoint","urlTemplate":"https:\/\/215.wordpressalk.pl\/?s={search_term_string}"},"query-input":{"@type":"PropertyValueSpecification","valueRequired":true,"valueName":"search_term_string"}}],"inLanguage":"pl-PL"},{"@type":"Organization","@id":"https:\/\/215.wordpressalk.pl\/#organization","name":"SupleME","url":"https:\/\/215.wordpressalk.pl\/","logo":{"@type":"ImageObject","inLanguage":"pl-PL","@id":"https:\/\/215.wordpressalk.pl\/#\/schema\/logo\/image\/","url":"https:\/\/215.wordpressalk.pl\/wp-content\/uploads\/2026\/02\/cropped-dumbbell-icon-images-vector-34189976-1.avif","contentUrl":"https:\/\/215.wordpressalk.pl\/wp-content\/uploads\/2026\/02\/cropped-dumbbell-icon-images-vector-34189976-1.avif","width":500,"height":340,"caption":"SupleME"},"image":{"@id":"https:\/\/215.wordpressalk.pl\/#\/schema\/logo\/image\/"}}]}},"_links":{"self":[{"href":"https:\/\/215.wordpressalk.pl\/index.php\/wp-json\/wp\/v2\/pages\/83","targetHints":{"allow":["GET"]}}],"collection":[{"href":"https:\/\/215.wordpressalk.pl\/index.php\/wp-json\/wp\/v2\/pages"}],"about":[{"href":"https:\/\/215.wordpressalk.pl\/index.php\/wp-json\/wp\/v2\/types\/page"}],"author":[{"embeddable":true,"href":"https:\/\/215.wordpressalk.pl\/index.php\/wp-json\/wp\/v2\/users\/1"}],"replies":[{"embeddable":true,"href":"https:\/\/215.wordpressalk.pl\/index.php\/wp-json\/wp\/v2\/comments?post=83"}],"version-history":[{"count":12,"href":"https:\/\/215.wordpressalk.pl\/index.php\/wp-json\/wp\/v2\/pages\/83\/revisions"}],"predecessor-version":[{"id":122,"href":"https:\/\/215.wordpressalk.pl\/index.php\/wp-json\/wp\/v2\/pages\/83\/revisions\/122"}],"wp:attachment":[{"href":"https:\/\/215.wordpressalk.pl\/index.php\/wp-json\/wp\/v2\/media?parent=83"}],"curies":[{"name":"wp","href":"https:\/\/api.w.org\/{rel}","templated":true}]}}