{"id":124,"date":"2026-04-26T12:42:30","date_gmt":"2026-04-26T10:42:30","guid":{"rendered":"https:\/\/215.wordpressalk.pl\/?post_type=product&#038;p=124"},"modified":"2026-04-26T15:15:06","modified_gmt":"2026-04-26T13:15:06","slug":"witamina-d","status":"publish","type":"product","link":"https:\/\/215.wordpressalk.pl\/index.php\/produkt\/witamina-d\/","title":{"rendered":"Witamina D"},"content":{"rendered":"<ul class=\"cm__list\">\n<li><strong>\u0179r\u00f3d\u0142o witaminy D3 i K2<\/strong>\u00a0&#8211; jedna porcja preparatu zawiera 4000 IU cholekalcyferolu oraz 100 \u00b5g menachinonu-7-MK-7.<\/li>\n<li><strong>1 porcja = 1 tabletka<\/strong>.<\/li>\n<li><strong>Wydajno\u015b\u0107<\/strong>\u00a0&#8211; opakowanie produktu zawiera 100 porcji suplementu diety.<\/li>\n<li><strong>Wygodna forma<\/strong>\u00a0&#8211; preparat dost\u0119pny w postaci \u0142atwych do po\u0142kni\u0119cia tabletek zapewnia bezproblemow\u0105 poda\u017c suplementu.<\/li>\n<\/ul>\n<p><strong>Witamina D3<\/strong>, znana r\u00f3wnie\u017c jako cholekalcyferol, to steroidowy, organiczny zwi\u0105zek chemiczny, kt\u00f3ry zaliczany jest do grupy witamin rozpuszczalnych w t\u0142uszczach. Tym samym przyswajalno\u015b\u0107 sk\u0142adnika jest \u015bci\u015ble zwi\u0105zana z obecno\u015bci\u0105 w codziennej diecie t\u0142uszcz\u00f3w. Witamina D3 to substancja, kt\u00f3ra jest dostarczana do ustroju wraz z po\u017cywieniem (znale\u017a\u0107 j\u0105 mo\u017cna m.in. w t\u0142ustych rybach morskich), a tak\u017ce przez syntez\u0119 sk\u00f3rn\u0105. Magazynowana jest natomiast przede wszystkim w tkance t\u0142uszczowej i w\u0105trobie.<\/p>\n<p><strong>Witamina K2<\/strong>, okre\u015blana mianem menachinonu, to organiczny zwi\u0105zek chemiczny, zaliczany do witamin rozpuszczalnych w t\u0142uszczach. Witamina K2 magazynowana jest w ludzkim organizmie przede wszystkim w w\u0105trobie. Mo\u017ce by\u0107 wytwarzana przez bakterie obecne w uk\u0142adzie pokarmowym, dostarczana do ustroju wraz z po\u017cywieniem (znale\u017a\u0107 j\u0105 mo\u017cna zar\u00f3wno w produktach ro\u015blinnych, jak i odzwierz\u0119cych), a tak\u017ce w formie suplement\u00f3w diety. Wykorzystana w preparacie OstroVit Witamina K2 MK-7 to forma zwi\u0105zku, kt\u00f3ra jest najlepiej przyswajalna przez organizm cz\u0142owieka, co korzystnie wp\u0142ywa na jako\u015b\u0107 suplementu diety. W produkcie uwzgl\u0119dniono r\u00f3wnie\u017c witamin\u0119 D3, kt\u00f3ra dzia\u0142a synergistycznie z witamin\u0105 K2, co pozytywnie oddzia\u0142uje na skuteczno\u015b\u0107 suplementacji.<\/p>\n","protected":false},"excerpt":{"rendered":"<p>Skuteczna forma witaminy D, znana r\u00f3wnie\u017c jako cholekalcyferol. Wspomaga ona optymalne<strong>\u00a0funkcjonowanie uk\u0142adu odporno\u015bciowego<\/strong>, utrzymanie\u00a0<strong>zdrowych ko\u015bci i z\u0119b\u00f3w<\/strong>\u00a0oraz prawid\u0142owe\u00a0<strong>funkcjonowanie mi\u0119\u015bni<\/strong>. Przyjmowanie witaminy D doceni\u0105 wi\u0119c nie tylko sportowcy, ale ka\u017cdy, kto chce wspiera\u0107 swoje zdrowie.<\/p>\n<ul class=\"cm__list\">\n<li><strong>\u0179r\u00f3d\u0142o witaminy D3 i K2<\/strong>\u00a0&#8211; jedna porcja preparatu zawiera 4000 IU cholekalcyferolu oraz 100 \u00b5g menachinonu-7-MK-7.<\/li>\n<li><strong>1 porcja = 1 tabletka<\/strong>.<\/li>\n<li><strong>Wydajno\u015b\u0107<\/strong>\u00a0&#8211; opakowanie produktu zawiera 100 porcji suplementu diety.<\/li>\n<li><strong>Wygodna forma<\/strong>\u00a0&#8211; preparat dost\u0119pny w postaci \u0142atwych do po\u0142kni\u0119cia tabletek zapewnia bezproblemow\u0105 poda\u017c suplementu.<\/li>\n<\/ul>\n","protected":false},"featured_media":64,"comment_status":"open","ping_status":"closed","template":"","meta":{"site-sidebar-layout":"default","site-content-layout":"","ast-site-content-layout":"default","site-content-style":"default","site-sidebar-style":"default","ast-global-header-display":"","ast-banner-title-visibility":"","ast-main-header-display":"","ast-hfb-above-header-display":"","ast-hfb-below-header-display":"","ast-hfb-mobile-header-display":"","site-post-title":"","ast-breadcrumbs-content":"","ast-featured-img":"","footer-sml-layout":"","ast-disable-related-posts":"","theme-transparent-header-meta":"default","adv-header-id-meta":"","stick-header-meta":"","header-above-stick-meta":"","header-main-stick-meta":"","header-below-stick-meta":"","astra-migrate-meta-layouts":"set","ast-page-background-enabled":"default","ast-page-background-meta":{"desktop":{"background-color":"var(--ast-global-color-5)","background-image":"","background-repeat":"repeat","background-position":"center center","background-size":"auto","background-attachment":"scroll","background-type":"","background-media":"","overlay-type":"","overlay-color":"","overlay-opacity":"","overlay-gradient":""},"tablet":{"background-color":"","background-image":"","background-repeat":"repeat","background-position":"center center","background-size":"auto","background-attachment":"scroll","background-type":"","background-media":"","overlay-type":"","overlay-color":"","overlay-opacity":"","overlay-gradient":""},"mobile":{"background-color":"","background-image":"","background-repeat":"repeat","background-position":"center center","background-size":"auto","background-attachment":"scroll","background-type":"","background-media":"","overlay-type":"","overlay-color":"","overlay-opacity":"","overlay-gradient":""}},"ast-content-background-meta":{"desktop":{"background-color":"var(--ast-global-color-4)","background-image":"","background-repeat":"repeat","background-position":"center center","background-size":"auto","background-attachment":"scroll","background-type":"","background-media":"","overlay-type":"","overlay-color":"","overlay-opacity":"","overlay-gradient":""},"tablet":{"background-color":"var(--ast-global-color-4)","background-image":"","background-repeat":"repeat","background-position":"center center","background-size":"auto","background-attachment":"scroll","background-type":"","background-media":"","overlay-type":"","overlay-color":"","overlay-opacity":"","overlay-gradient":""},"mobile":{"background-color":"var(--ast-global-color-4)","background-image":"","background-repeat":"repeat","background-position":"center center","background-size":"auto","background-attachment":"scroll","background-type":"","background-media":"","overlay-type":"","overlay-color":"","overlay-opacity":"","overlay-gradient":""}}},"product_brand":[],"product_cat":[22],"product_tag":[],"class_list":{"0":"post-124","1":"product","2":"type-product","3":"status-publish","4":"has-post-thumbnail","6":"product_cat-suplementy","7":"desktop-align-left","8":"tablet-align-left","9":"mobile-align-left","11":"first","12":"instock","13":"taxable","14":"shipping-taxable","15":"purchasable","16":"product-type-variable"},"yoast_head":"<!-- This site is optimized with the Yoast SEO plugin v27.2 - https:\/\/yoast.com\/product\/yoast-seo-wordpress\/ -->\n<title>Witamina D - SupleME<\/title>\n<meta name=\"robots\" content=\"index, follow, max-snippet:-1, max-image-preview:large, max-video-preview:-1\" \/>\n<link rel=\"canonical\" href=\"https:\/\/215.wordpressalk.pl\/index.php\/produkt\/witamina-d\/\" \/>\n<meta property=\"og:locale\" content=\"pl_PL\" \/>\n<meta property=\"og:type\" content=\"article\" \/>\n<meta property=\"og:title\" content=\"Witamina D - SupleME\" \/>\n<meta property=\"og:description\" content=\"Skuteczna forma witaminy D, znana r\u00f3wnie\u017c jako cholekalcyferol. Wspomaga ona optymalne\u00a0funkcjonowanie uk\u0142adu odporno\u015bciowego, utrzymanie\u00a0zdrowych ko\u015bci i z\u0119b\u00f3w\u00a0oraz prawid\u0142owe\u00a0funkcjonowanie mi\u0119\u015bni. Przyjmowanie witaminy D doceni\u0105 wi\u0119c nie tylko sportowcy, ale ka\u017cdy, kto chce wspiera\u0107 swoje zdrowie.   \u0179r\u00f3d\u0142o witaminy D3 i K2\u00a0- jedna porcja preparatu zawiera 4000 IU cholekalcyferolu oraz 100 \u00b5g menachinonu-7-MK-7.  1 porcja = 1 tabletka.  Wydajno\u015b\u0107\u00a0- opakowanie produktu zawiera 100 porcji suplementu diety.  Wygodna forma\u00a0- preparat dost\u0119pny w postaci \u0142atwych do po\u0142kni\u0119cia tabletek zapewnia bezproblemow\u0105 poda\u017c suplementu.\" \/>\n<meta property=\"og:url\" content=\"https:\/\/215.wordpressalk.pl\/index.php\/produkt\/witamina-d\/\" \/>\n<meta property=\"og:site_name\" content=\"SupleME\" \/>\n<meta property=\"article:modified_time\" content=\"2026-04-26T13:15:06+00:00\" \/>\n<meta property=\"og:image\" content=\"http:\/\/215.wordpressalk.pl\/wp-content\/uploads\/2026\/03\/flatbelly_new.jpg\" \/>\n\t<meta property=\"og:image:width\" content=\"1100\" \/>\n\t<meta property=\"og:image:height\" content=\"1100\" \/>\n\t<meta property=\"og:image:type\" content=\"image\/jpeg\" \/>\n<meta name=\"twitter:card\" content=\"summary_large_image\" \/>\n<meta name=\"twitter:label1\" content=\"Szacowany czas czytania\" \/>\n\t<meta name=\"twitter:data1\" content=\"2 minuty\" \/>\n<script type=\"application\/ld+json\" class=\"yoast-schema-graph\">{\"@context\":\"https:\/\/schema.org\",\"@graph\":[{\"@type\":\"WebPage\",\"@id\":\"https:\/\/215.wordpressalk.pl\/index.php\/produkt\/witamina-d\/\",\"url\":\"https:\/\/215.wordpressalk.pl\/index.php\/produkt\/witamina-d\/\",\"name\":\"Witamina D - SupleME\",\"isPartOf\":{\"@id\":\"https:\/\/215.wordpressalk.pl\/#website\"},\"primaryImageOfPage\":{\"@id\":\"https:\/\/215.wordpressalk.pl\/index.php\/produkt\/witamina-d\/#primaryimage\"},\"image\":{\"@id\":\"https:\/\/215.wordpressalk.pl\/index.php\/produkt\/witamina-d\/#primaryimage\"},\"thumbnailUrl\":\"https:\/\/215.wordpressalk.pl\/wp-content\/uploads\/2026\/03\/flatbelly_new.jpg\",\"datePublished\":\"2026-04-26T10:42:30+00:00\",\"dateModified\":\"2026-04-26T13:15:06+00:00\",\"breadcrumb\":{\"@id\":\"https:\/\/215.wordpressalk.pl\/index.php\/produkt\/witamina-d\/#breadcrumb\"},\"inLanguage\":\"pl-PL\",\"potentialAction\":[{\"@type\":\"ReadAction\",\"target\":[\"https:\/\/215.wordpressalk.pl\/index.php\/produkt\/witamina-d\/\"]}]},{\"@type\":\"ImageObject\",\"inLanguage\":\"pl-PL\",\"@id\":\"https:\/\/215.wordpressalk.pl\/index.php\/produkt\/witamina-d\/#primaryimage\",\"url\":\"https:\/\/215.wordpressalk.pl\/wp-content\/uploads\/2026\/03\/flatbelly_new.jpg\",\"contentUrl\":\"https:\/\/215.wordpressalk.pl\/wp-content\/uploads\/2026\/03\/flatbelly_new.jpg\",\"width\":1100,\"height\":1100},{\"@type\":\"BreadcrumbList\",\"@id\":\"https:\/\/215.wordpressalk.pl\/index.php\/produkt\/witamina-d\/#breadcrumb\",\"itemListElement\":[{\"@type\":\"ListItem\",\"position\":1,\"name\":\"Strona g\u0142\u00f3wna\",\"item\":\"https:\/\/215.wordpressalk.pl\/\"},{\"@type\":\"ListItem\",\"position\":2,\"name\":\"Sklep\",\"item\":\"https:\/\/215.wordpressalk.pl\/index.php\/sklep\/\"},{\"@type\":\"ListItem\",\"position\":3,\"name\":\"Witamina D\"}]},{\"@type\":\"WebSite\",\"@id\":\"https:\/\/215.wordpressalk.pl\/#website\",\"url\":\"https:\/\/215.wordpressalk.pl\/\",\"name\":\"SupleME\",\"description\":\"Twoje wsparcie w drodze po lepsz\u0105 form\u0119.\",\"publisher\":{\"@id\":\"https:\/\/215.wordpressalk.pl\/#organization\"},\"potentialAction\":[{\"@type\":\"SearchAction\",\"target\":{\"@type\":\"EntryPoint\",\"urlTemplate\":\"https:\/\/215.wordpressalk.pl\/?s={search_term_string}\"},\"query-input\":{\"@type\":\"PropertyValueSpecification\",\"valueRequired\":true,\"valueName\":\"search_term_string\"}}],\"inLanguage\":\"pl-PL\"},{\"@type\":\"Organization\",\"@id\":\"https:\/\/215.wordpressalk.pl\/#organization\",\"name\":\"SupleME\",\"url\":\"https:\/\/215.wordpressalk.pl\/\",\"logo\":{\"@type\":\"ImageObject\",\"inLanguage\":\"pl-PL\",\"@id\":\"https:\/\/215.wordpressalk.pl\/#\/schema\/logo\/image\/\",\"url\":\"https:\/\/215.wordpressalk.pl\/wp-content\/uploads\/2026\/02\/cropped-dumbbell-icon-images-vector-34189976-1.avif\",\"contentUrl\":\"https:\/\/215.wordpressalk.pl\/wp-content\/uploads\/2026\/02\/cropped-dumbbell-icon-images-vector-34189976-1.avif\",\"width\":500,\"height\":340,\"caption\":\"SupleME\"},\"image\":{\"@id\":\"https:\/\/215.wordpressalk.pl\/#\/schema\/logo\/image\/\"}}]}<\/script>\n<!-- \/ Yoast SEO plugin. -->","yoast_head_json":{"title":"Witamina D - SupleME","robots":{"index":"index","follow":"follow","max-snippet":"max-snippet:-1","max-image-preview":"max-image-preview:large","max-video-preview":"max-video-preview:-1"},"canonical":"https:\/\/215.wordpressalk.pl\/index.php\/produkt\/witamina-d\/","og_locale":"pl_PL","og_type":"article","og_title":"Witamina D - SupleME","og_description":"Skuteczna forma witaminy D, znana r\u00f3wnie\u017c jako cholekalcyferol. Wspomaga ona optymalne\u00a0funkcjonowanie uk\u0142adu odporno\u015bciowego, utrzymanie\u00a0zdrowych ko\u015bci i z\u0119b\u00f3w\u00a0oraz prawid\u0142owe\u00a0funkcjonowanie mi\u0119\u015bni. Przyjmowanie witaminy D doceni\u0105 wi\u0119c nie tylko sportowcy, ale ka\u017cdy, kto chce wspiera\u0107 swoje zdrowie.   \u0179r\u00f3d\u0142o witaminy D3 i K2\u00a0- jedna porcja preparatu zawiera 4000 IU cholekalcyferolu oraz 100 \u00b5g menachinonu-7-MK-7.  1 porcja = 1 tabletka.  Wydajno\u015b\u0107\u00a0- opakowanie produktu zawiera 100 porcji suplementu diety.  Wygodna forma\u00a0- preparat dost\u0119pny w postaci \u0142atwych do po\u0142kni\u0119cia tabletek zapewnia bezproblemow\u0105 poda\u017c suplementu.","og_url":"https:\/\/215.wordpressalk.pl\/index.php\/produkt\/witamina-d\/","og_site_name":"SupleME","article_modified_time":"2026-04-26T13:15:06+00:00","og_image":[{"width":1100,"height":1100,"url":"http:\/\/215.wordpressalk.pl\/wp-content\/uploads\/2026\/03\/flatbelly_new.jpg","type":"image\/jpeg"}],"twitter_card":"summary_large_image","twitter_misc":{"Szacowany czas czytania":"2 minuty"},"schema":{"@context":"https:\/\/schema.org","@graph":[{"@type":"WebPage","@id":"https:\/\/215.wordpressalk.pl\/index.php\/produkt\/witamina-d\/","url":"https:\/\/215.wordpressalk.pl\/index.php\/produkt\/witamina-d\/","name":"Witamina D - SupleME","isPartOf":{"@id":"https:\/\/215.wordpressalk.pl\/#website"},"primaryImageOfPage":{"@id":"https:\/\/215.wordpressalk.pl\/index.php\/produkt\/witamina-d\/#primaryimage"},"image":{"@id":"https:\/\/215.wordpressalk.pl\/index.php\/produkt\/witamina-d\/#primaryimage"},"thumbnailUrl":"https:\/\/215.wordpressalk.pl\/wp-content\/uploads\/2026\/03\/flatbelly_new.jpg","datePublished":"2026-04-26T10:42:30+00:00","dateModified":"2026-04-26T13:15:06+00:00","breadcrumb":{"@id":"https:\/\/215.wordpressalk.pl\/index.php\/produkt\/witamina-d\/#breadcrumb"},"inLanguage":"pl-PL","potentialAction":[{"@type":"ReadAction","target":["https:\/\/215.wordpressalk.pl\/index.php\/produkt\/witamina-d\/"]}]},{"@type":"ImageObject","inLanguage":"pl-PL","@id":"https:\/\/215.wordpressalk.pl\/index.php\/produkt\/witamina-d\/#primaryimage","url":"https:\/\/215.wordpressalk.pl\/wp-content\/uploads\/2026\/03\/flatbelly_new.jpg","contentUrl":"https:\/\/215.wordpressalk.pl\/wp-content\/uploads\/2026\/03\/flatbelly_new.jpg","width":1100,"height":1100},{"@type":"BreadcrumbList","@id":"https:\/\/215.wordpressalk.pl\/index.php\/produkt\/witamina-d\/#breadcrumb","itemListElement":[{"@type":"ListItem","position":1,"name":"Strona g\u0142\u00f3wna","item":"https:\/\/215.wordpressalk.pl\/"},{"@type":"ListItem","position":2,"name":"Sklep","item":"https:\/\/215.wordpressalk.pl\/index.php\/sklep\/"},{"@type":"ListItem","position":3,"name":"Witamina D"}]},{"@type":"WebSite","@id":"https:\/\/215.wordpressalk.pl\/#website","url":"https:\/\/215.wordpressalk.pl\/","name":"SupleME","description":"Twoje wsparcie w drodze po lepsz\u0105 form\u0119.","publisher":{"@id":"https:\/\/215.wordpressalk.pl\/#organization"},"potentialAction":[{"@type":"SearchAction","target":{"@type":"EntryPoint","urlTemplate":"https:\/\/215.wordpressalk.pl\/?s={search_term_string}"},"query-input":{"@type":"PropertyValueSpecification","valueRequired":true,"valueName":"search_term_string"}}],"inLanguage":"pl-PL"},{"@type":"Organization","@id":"https:\/\/215.wordpressalk.pl\/#organization","name":"SupleME","url":"https:\/\/215.wordpressalk.pl\/","logo":{"@type":"ImageObject","inLanguage":"pl-PL","@id":"https:\/\/215.wordpressalk.pl\/#\/schema\/logo\/image\/","url":"https:\/\/215.wordpressalk.pl\/wp-content\/uploads\/2026\/02\/cropped-dumbbell-icon-images-vector-34189976-1.avif","contentUrl":"https:\/\/215.wordpressalk.pl\/wp-content\/uploads\/2026\/02\/cropped-dumbbell-icon-images-vector-34189976-1.avif","width":500,"height":340,"caption":"SupleME"},"image":{"@id":"https:\/\/215.wordpressalk.pl\/#\/schema\/logo\/image\/"}}]}},"_links":{"self":[{"href":"https:\/\/215.wordpressalk.pl\/index.php\/wp-json\/wp\/v2\/product\/124","targetHints":{"allow":["GET"]}}],"collection":[{"href":"https:\/\/215.wordpressalk.pl\/index.php\/wp-json\/wp\/v2\/product"}],"about":[{"href":"https:\/\/215.wordpressalk.pl\/index.php\/wp-json\/wp\/v2\/types\/product"}],"replies":[{"embeddable":true,"href":"https:\/\/215.wordpressalk.pl\/index.php\/wp-json\/wp\/v2\/comments?post=124"}],"wp:featuredmedia":[{"embeddable":true,"href":"https:\/\/215.wordpressalk.pl\/index.php\/wp-json\/wp\/v2\/media\/64"}],"wp:attachment":[{"href":"https:\/\/215.wordpressalk.pl\/index.php\/wp-json\/wp\/v2\/media?parent=124"}],"wp:term":[{"taxonomy":"product_brand","embeddable":true,"href":"https:\/\/215.wordpressalk.pl\/index.php\/wp-json\/wp\/v2\/product_brand?post=124"},{"taxonomy":"product_cat","embeddable":true,"href":"https:\/\/215.wordpressalk.pl\/index.php\/wp-json\/wp\/v2\/product_cat?post=124"},{"taxonomy":"product_tag","embeddable":true,"href":"https:\/\/215.wordpressalk.pl\/index.php\/wp-json\/wp\/v2\/product_tag?post=124"}],"curies":[{"name":"wp","href":"https:\/\/api.w.org\/{rel}","templated":true}]}}